).
-1
Suppose 5*b + 12 = -2*c, -3*c + 4*b + 41 - 13 = 0. Let j(h) = 4*h**2 - 9*h + 2. Let t(n) = -3*n**2 + 8*n - 2. Let k(p) = 2*j(p) + 3*t(p). What is k(c)?
6
Let a = -48 - -56. Suppose 2*s - 3*g + a = 4, -3*s = -5*g + 7. Let p(w) = 2 - 4*w**2 + w - w**2 - 3. Give p(s).
-5
Let w = -2155 - -2164. Let b(r) be the third derivative of -r**6/120 + r**5/6 - 3*r**4/8 - 5*r**3/6 - 2*r**2. Determine b(w).
-5
Let x be 2 + (-4 - (-2 - -1)). Let n be (-8)/(-1) + 3/x. Let f(l) = -4 - 4*l - 2 + n*l + 3. Calculate f(-5).
-8
Let r(s) be the second derivative of s**5/20 - 7*s**4/12 + s**3 + 3*s**2 + 8*s - 13. Determine r(5).
-14
Let m be (4/(-32))/(2/((-40)/3)). Let i(b) be the third derivative of 0*b + 6*b**2 + 0 - 1/60*b**5 + 1/4*b**4 + m*b**3. Give i(4).
13
Let y(g) be the second derivative of g**4/12 - 2*g**3/3 - g**2/2 - 48*g + 2. What is y(6)?
11
Let d(l) = -8*l - 2. Let u(p) = 7*p + 3. Let n(i) = 4*d(i) + 5*u(i). Let q be ((-1065)/284)/(6/8). Determine n(q).
-8
Let j(w) = 4*w + 3. Let i(t) be the first derivative of t**2 + 11*t - 4. Let s be i(-7). Calculate j(s).
-9
Let k(y) be the second derivative of -y**5/20 + 7*y**4/12 - y**3/3 - 5*y**2/2 + 9*y. Determine k(7).
-19
Let u(o) = 72*o**3 - 37*o**3 - o - 36*o**3 - 1 + 2 + 4*o**2. Determine u(2).
7
Let z be 2/(-8) - ((-954)/8 + -1). Let c be ((-2)/6)/((-4)/z). Let x(o) = -o**3 + 9*o**2 + 10*o - 4. Determine x(c).
-4
Let a(d) = d - 7. Let u = 194 + -198. Determine a(u).
-11
Let l(j) = 227 + 2*j - 115 - 117. Give l(7).
9
Suppose -116 + 170 = 9*s. Let r(a) = -a**2 + 7*a + 5. What is r(s)?
11
Let k(p) be the third derivative of p**6/120 + p**5/6 + 7*p**4/24 - p**3 + 407*p**2. Give k(-9).
12
Let r(x) = 4*x - 18. Let w be r(5). Let m(i) = -6*i + 3*i - 14*i**w + 15*i**2. Suppose -4*v + 8*y - 3*y + 19 = 0, -4*v + 2*y = -22. Give m(v).
18
Let z(h) = h**2 + h - 1. Let u(q) = -3*q**2 - 10*q + 1. Let m(c) = u(c) + 2*z(c). Calculate m(-6).
11
Let k(j) be the third derivative of -j**5/120 - j**4/24 - 13*j**3/3 - 43*j**2. Let q(s) be the first derivative of k(s). Give q(-9).
8
Let d(z) = z**2 - 11*z + 7. Let y be d(4). Let k = y + 20. Let j be 1 - 2*(-2 - k). Let m(u) = u**3 - 3*u**2 + 2*u - 1. What is m(j)?
5
Let d(b) = 5*b**2 - 33*b + 9. Suppose -4*s = 4*k - 44, 2*k - 4*s - 10 = -0*k. Let f(g) = g**2 - 8*g + 2. Let j(x) = k*f(x) - 2*d(x). Calculate j(-4).
8
Let p(u) = -11*u - 17. Let o(w) = -1. Let c(z) = 6*o(z) + p(z). Let i(v) = -5*v - 11. Let j(y) = 6*c(y) - 13*i(y). Give j(4).
1
Let m(i) = -i**2 - i + 6. Let b(q) = -144*q + 581. Let h be b(4). Give m(h).
-24
Let f(t) = -30 - 28 + 98 - 35 + t**2 - 3*t. What is f(-4)?
33
Suppose 4*v = -34 + 14. Let n(w) be the third derivative of 1/24*w**4 + 0 + 0*w - 1/2*w**3 - 5*w**2. What is n(v)?
-8
Let s(a) be the second derivative of a**5/20 + 2*a**4/3 - 3*a**3/2 - 13*a**2/2 + 49*a. Determine s(-9).
-13
Let d(r) be the second derivative of r**3/3 - 2*r**2 - 5*r. Suppose l - 5 = 8*b - 5*b, -b = -2*l + 10. Determine d(l).
6
Let h(x) = 4*x + 9. Suppose -4*y - 16 = o, 12 = -3*y - 14*o + 12*o. What is h(y)?
-7
Let u be 2/(0 - (0 + -1)). Let v(r) = -5*r**2 - 2*r - r**3 - 2*r**u + 1 + 3*r**2. Suppose 0 = -9*w + 27*w + 36. Give v(w).
-3
Let z(y) = -y**3 - 3*y**2 + 3*y - 1. Let q be z(-4). Let l(n) = -6*n**2 + 0 + 0*n**3 - q + n**3 + 21*n**2. Give l(-15).
-3
Suppose -6*c = -5*c - 2. Let u(i) = 3*i + 0*i + 0*i - 1 + c. Suppose 7*z = -2*z + 27. What is u(z)?
10
Suppose -2*b + 214*q - 212*q = 22, -3*q - 39 = 5*b. Let t(m) = -m**3 - 8*m**2 + 6*m - 13. Calculate t(b).
14
Suppose -w + 8 = 2*m - 0*m, 8 = 4*w. Let k(c) = c**3 + 5 + 3*c**2 - 6*c**2 - 5*c + 2*c**2 - m. Determine k(3).
5
Let i(s) be the first derivative of -s**4/4 + 4*s**3/3 - s**2/2 - s - 103. Determine i(3).
5
Let p(n) = -n**2 - 11*n - 10. Let l be p(-10). Suppose -5*x + 20 = m, 3*x - 5*x - 4*m + 8 = l. Let k(h) = x - 1 - h - 2. What is k(-4)?
5
Let c be 0*(2/((-2)/(-2)))/6. Let f be c - (-2)/(-4 + 6). Let x(b) = 12*b**3 - b**2 + 1. What is x(f)?
12
Let v(z) = z**3 + z**2 - 2*z + 2. Let l be v(0). Let j(t) = -7*t + 1 + l*t - 3*t**2 + 9*t - 4. Determine j(2).
-7
Let f(j) = -8 - 1 + j - 23 + 66 - 3. What is f(0)?
31
Suppose x - 5*x = -16. Let n(z) be the first derivative of z**4/4 - 4*z**3/3 - z - 851. What is n(x)?
-1
Let w(i) = i**3 - 5*i**2 + 5*i + 2. Let k be (-34)/153 + 1/(18/94). Calculate w(k).
27
Let b = -79 + 82. Let a(c) = 3*c - 6. Let l(x) = -3*x + 7. Let z(t) = 4*a(t) + 3*l(t). What is z(b)?
6
Let y = 1087 + -1083. Let l(z) = -8*z - 1. Calculate l(y).
-33
Let t(r) be the second derivative of r**4/12 + r**3 + 7*r**2/2 + 241*r. Give t(-5).
2
Suppose 7*b = 2 + 12. Let w(p) = 34*p**b - 7 - 74*p**2 + 41*p**2 - 3*p - 2*p. Give w(5).
-7
Let v(x) = 299166*x + 1 + 3 - 299167*x. Suppose -4*k + 4*w = 0, -k + 3*w + 4 = 4*k. Calculate v(k).
2
Let y(a) be the first derivative of -a**2/2 + 4*a + 493. Determine y(7).
-3
Let z(t) = t**3 - 6*t**2 + 2*t - 6. Let o(b) = -2*b**3 + 18*b**2 + b - 3. Let g be o(9). Determine z(g).
6
Let n(t) = -12*t + 191. Let s be n(16). Let q(m) = -5*m**3. Give q(s).
5
Let n(k) = -k + 5. Let b = -212 + 224. Determine n(b).
-7
Suppose 4*c - 7 = -3*x, 13*c - 12*c - 19 = 5*x. Let t(i) be the first derivative of 3 + 3*i + 1/3*i**3 - i**2 + 1/4*i**4. Give t(x).
-9
Suppose -i + 16 = 3*b, -4*b - 2*i = 2*i - 24. Suppose 39*v = 42*v - 12. Let g(c) = 12 + 2*c + 2 - 8 - v*c. Calculate g(b).
-4
Let c(y) = y - 2. Let u(l) = -l**2 - 5*l - 7. Let g(h) = -2*c(h) + 2*u(h). Give g(-4).
6
Let u = -6 - -9. Suppose -r = 4*r - 25. Let h(s) = -r*s + u*s - 4 - s. Calculate h(3).
-13
Let l = 60 + -26. Let n = 37 - l. Let s(b) = -1 - n*b + b + 3 + 3*b. Give s(3).
5
Let c(j) = -j**3 - 3*j**2 - j - 1. Let n(r) = 4*r**3 + 22*r**2 + 3*r + 5. Let x(u) = 5*c(u) + n(u). Calculate x(7).
-14
Let k(r) be the first derivative of 27*r**2/2 + 81. What is k(2)?
54
Let o = -19 + 25. Let q(l) = -11*l**3 + 6*l**2 + 2 - 21*l**3 + 31*l**3 - o*l. Calculate q(5).
-3
Let i(b) = b**3 + 2*b**2 - b. Let m(w) = 10*w**3 - 6*w**2 + w - 1. Let n(p) = 3*i(p) + m(p). Let l(t) = 0 - t + 0 + 1. Let o be l(2). What is n(o)?
-12
Let w(h) = 5*h**3 + 8*h**2 + 4*h + 15. Let y(q) = -2*q**3 - 4*q**2 - 2*q - 7. Let l(u) = 3*w(u) + 7*y(u). Let a = 0 + 1. Let z = 6 - a. What is l(z)?
11
Suppose -9 = -3*u - 3. Suppose -2*l + 14 = 2*h, -3*l + 3*h - 9 + 0 = 0. Let j(d) = 2*d + 2*d**u - 2 - 3*d**l + 3*d**2 + 0*d**2. Give j(-2).
2
Let i be 736/828*36/8. Let x = -8 + 13. Let a(j) = j**3 - 5*j**2 - 4*j - 1. Let k(t) = 2*t**3 - 11*t**2 - 9*t - 1. Let q(b) = x*a(b) - 2*k(b). Give q(i).
5
Let u(q) be the second derivative of -13*q**5/20 + q**4/6 - q**2/2 - 487*q. Determine u(1).
-12
Let u(d) = 4*d + 1. Let y(m) = 17*m - 15. Let i be y(5). Let z be (-2)/(-6) + i/(-21). Give u(z).
-11
Suppose -3*q - 97 + 1 = 0. Let h be ((-3)/((-12)/q))/(-1). Let m(j) = -2 + j**3 + h*j**2 + 0*j + 4*j - j**2. What is m(-6)?
10
Let w(i) = -3 + i + 2*i - 2*i + 1. Let d be w(6). Let a(x) = 2*x - 2 + 0 + 6*x - x**2. Give a(d).
14
Suppose 3*d + 4*z = 31 + 6, -59 = -5*d - 4*z. Let p = 12 - d. Let o(u) = 0*u - 2*u + 1 - 2*u + 0. Determine o(p).
-3
Let p(s) be the third derivative of s**4/12 + s**3/6 - 61*s**2. Give p(-3).
-5
Let p(a) be the second derivative of a**5/20 - a**4/6 - a**3/3 + a**2/2 - 18*a - 4. Calculate p(3).
4
Let b(p) = p - 1. Let g(k) = -k**3 - 19*k**2 - 20*k - 29. Let x be g(-18). Give b(x).
6
Let j(c) be the third derivative of -c**8/20160 + c**6/144 + c**5/20 - 3*c**2. Let i(x) be the third derivative of j(x). Let w = -47 + 43. Give i(w).
-11
Let i = -209 - -218. Let l(f) = -f**3 + 9*f**2 + 3*f - 7. Determine l(i).
20
Let x(i) = 14*i**3 - 17*i**2 - 3*i - 33. Let y(m) = -2 + m + 15 - 2 - 5*m**3 + 6*m**2. Let g(u) = 6*x(u) + 17*y(u). What is g(0)?
-11
Let z(w) = w**3 - 6*w**2. Let p be z(6). Let q(u) = 18*u - 4*u - 15*u + 2. Give q(p).
2
Let d = -4 - -6. Suppose 0 = 5*r - 2*j - 52, 0 = d*r - 3*j - 4 - 8. Suppose 0 = 3*a - r + 3. Let c(k) = -k**3 + 4*k**2 - 3. Determine c(a).
6
Let d(y) = y**2 + 14*y - 29. Let u be d(-16). Let g be (u + 0 - 5)*21/6. Let a(l) = l**2 + 8*l + 8. Determine a(g).
1
Let s(v) = -11*v + 7. Let y(u) = -4*u + 2. Let w(i) = -3*s(i) + 8*y(i). Give w(-6).
-11
Suppose -2*t = t - 3*p - 6, 4 = 2*t + p. Let d(q) = 0 - t - 69*q + 62*q. Calculate d(-2).
12
Let v(i) = -i**